{"id":9,"date":"2013-08-24T20:12:30","date_gmt":"2013-08-24T18:12:30","guid":{"rendered":"http:\/\/metallschilder24.com\/?page_id=9"},"modified":"2017-01-31T01:26:02","modified_gmt":"2017-01-30T23:26:02","slug":"typenschilder-bedruckt","status":"publish","type":"page","link":"https:\/\/metallschilder24.com\/?page_id=9","title":{"rendered":"Typenschilder bedruckt"},"content":{"rendered":"<div>\n<h1>Typenschilder bedruckt<\/h1>\n<p>Hier eine \u00dcbersichtstabelle zu den verschiedenen Druckverfahren und Verwendungsm\u00f6glichkeiten<\/p>\n<p>Sollten Sie sich nicht ganz sicher sein welches Typenschild bzw. Material das Richtige ist, dann kontaktieren Sie uns doch einfach telefonisch<br \/>\n<strong>08031\/ 8091366<\/strong> oder schreiben Sie uns eine <a href=\"?page_id=44\">E &#8211; Mail<\/a>.<\/p>\n<p>Auf Ihre Fragen freuen wir uns!<\/p>\n<table class=\"cells\" style=\"margin-bottom: 15px; hyphens: auto\" width=\"100%\">\n<tbody>\n<tr>\n<td class=\"headercell\" align=\"left\" valign=\"top\" width=\"33%\"><\/td>\n<td class=\"headercell\" align=\"left\" valign=\"top\" width=\"33%\">Vorteile<\/td>\n<td class=\"headercell\" align=\"left\" valign=\"top\" width=\"34%\">Nachteile<\/td>\n<\/tr>\n<tr>\n<td class=\"headercell\" align=\"left\" valign=\"top\" width=\"33%\">Sublimationsdruck<\/td>\n<td class=\"cell\" align=\"left\" valign=\"top\" width=\"33%\">Schnell und Einfach umsetzbar, vollkommen flexible Gestaltungsm\u00f6glichkeiten, gesch\u00fctzte Oberfl\u00e4che, edles Aussehen,<\/td>\n<td class=\"cell\" align=\"left\" valign=\"top\" width=\"34%\">Im Aussenbereich nur begrenzte Lebensdauer, nur bedingt f\u00fcr hohe St\u00fcckzahlen geeignet, eingeschr\u00e4nkte Materialauswahl,<\/td>\n<\/tr>\n<tr>\n<td class=\"headercell\" align=\"left\" valign=\"top\" width=\"33%\">Siebdruck<\/td>\n<td class=\"cell\" align=\"left\" valign=\"top\" width=\"33%\">Ideal f\u00fcr gro\u00dfe St\u00fcckzahlen, lange Lebensdauer, gro\u00dfe Materialauswahl, relativ g\u00fcnstig bei gro\u00dfen St\u00fcckzahlen,<\/td>\n<td class=\"cell\" align=\"left\" valign=\"top\" width=\"34%\">Einricht- und Vorkosten,<\/td>\n<\/tr>\n<tr>\n<td class=\"headercell\" align=\"left\" valign=\"top\" width=\"33%\">Direktdruck<\/td>\n<td class=\"cell\" align=\"left\" valign=\"top\" width=\"33%\">niedrige Kosten, geringere Produktionszeit m\u00f6glich, hohe Flexibilit\u00e4t der Druckmaterialien, Druck auf strukturierte Materialien (z.B. Warzenblech) m\u00f6glich, sehr hohe maximale Druckh\u00f6he (ca. 10 cm), Druckfarbe Wei\u00df als Abdeck-\/Untergrund- oder Spotfarbe<\/td>\n<td class=\"cell\" align=\"left\" valign=\"top\" width=\"34%\">kein Schutz gegen mechanische Beanspruchung,<\/td>\n<\/tr>\n<tr>\n<td class=\"headercell\" align=\"left\" valign=\"top\" width=\"33%\">Eloxal-Unterdruck<\/td>\n<td class=\"cell\" align=\"left\" valign=\"top\" width=\"33%\">\u00e4usserst Widerstandsf\u00e4hig im Aussenbereich und in Problembereichen,<\/td>\n<td class=\"cell\" align=\"left\" valign=\"top\" width=\"34%\"><\/td>\n<\/tr>\n<tr>\n<td class=\"headercell\" align=\"left\" valign=\"top\" width=\"33%\">Pr\u00e4gung<\/td>\n<td class=\"cell\" align=\"left\" valign=\"top\" width=\"33%\"><\/td>\n<td class=\"cell\" align=\"left\" valign=\"top\" width=\"34%\"><\/td>\n<\/tr>\n<tr>\n<td class=\"headercell\" align=\"left\" valign=\"top\" width=\"33%\">\u00c4tzung<\/td>\n<td class=\"cell\" align=\"left\" valign=\"top\" width=\"33%\"><\/td>\n<td class=\"cell\" align=\"left\" valign=\"top\" width=\"34%\"><\/td>\n<\/tr>\n<\/tbody>\n<\/table>\n<div>\n<p><strong>Beschreibung der einzelnen Fertigungsverfahren<\/strong><\/p>\n<p><strong>Sublimationsdruck<\/strong><br \/>\nSchnelle einfache Bearbeitung und Aufdruck ! Gesch\u00fctzte Oberfl\u00e4che ! Kleinst- oder Kleinauflagen ohne Aufpreis oder Mindestmenge! Individuelle Gestaltungsm\u00f6glichkeiten in Fotoqualit\u00e4t<\/p>\n<p><strong>Eloxalunterdruck<\/strong><br \/>\nDer Eloxalunterdruck ist ein spezielles Druckverfahren auf Aluminium, bei welchem Aluminiumbleche mit offenporiger Oberfl\u00e4che eingesetzt werden. Nach dem Druck werden die Poren geschlossen dadurch sind die Produkte absolut widerstandsf\u00e4hig, speziell im Industrie- und Aussenbereich<br \/>\n<strong><br \/>\nSiebdruck<\/strong><br \/>\nG\u00fcnstige und hochwertige Standardanwendung bei gro\u00dfen St\u00fcckzahlen<\/p>\n<p><strong>Direktdruck<\/strong><br \/>\nRelativ neu ist der digitale Direktdruck. Hierbei wird die Farbe direkt mit einem speziellen Drucker auf das Material aufgebracht.<br \/>\nDie Tinte trocknet nicht &#8211; wie zum Beispiel auf einem Blatt Papier &#8211; an der Umgebungsluft ab, sondern wird direkt nach dem Auftrag auf die Oberfl\u00e4che des Bedruckstoffes (Substrat) mit ultraviolettem Licht geh\u00e4rtet. Die getrocknete Tinte hat eine leicht satinierte Anmutung, die einem bedruckten hochwertigen Papier sehr nahe kommt.<\/p>\n<\/div>\n<\/div>\n<p><a href=\"https:\/\/metallschilder24.com\/wp-content\/uploads\/2013\/08\/typenschild-5.jpg\"><img loading=\"lazy\" decoding=\"async\" class=\"alignnone size-thumbnail wp-image-117\" style=\"float: left; margin-right: 12px;\" alt=\"typenschild-5\" src=\"https:\/\/metallschilder24.com\/wp-content\/uploads\/2013\/08\/typenschild-5-150x150.jpg\" width=\"120\" height=\"120\" \/><\/a><\/p>\n<p><a href=\"https:\/\/metallschilder24.com\/wp-content\/uploads\/2013\/08\/typenschild-4.jpg\"><img loading=\"lazy\" decoding=\"async\" class=\"alignnone size-thumbnail wp-image-116\" style=\"float: left; margin-right: 12px;\" alt=\"typenschild-4\" src=\"https:\/\/metallschilder24.com\/wp-content\/uploads\/2013\/08\/typenschild-4-150x150.jpg\" width=\"120\" height=\"120\" \/><\/a><\/p>\n<p><a href=\"https:\/\/metallschilder24.com\/wp-content\/uploads\/2013\/08\/typenschild-6.jpg\"><img loading=\"lazy\" decoding=\"async\" class=\"alignnone size-thumbnail wp-image-118\" style=\"float: left; margin-right: 12px;\" alt=\"typenschild-6\" src=\"https:\/\/metallschilder24.com\/wp-content\/uploads\/2013\/08\/typenschild-6-150x150.jpg\" width=\"120\" height=\"120\" \/><\/a><\/p>\n<p><a href=\"https:\/\/metallschilder24.com\/wp-content\/uploads\/2013\/08\/typenschild-3.jpg\"><img loading=\"lazy\" decoding=\"async\" class=\"alignnone size-thumbnail wp-image-115\" style=\"float: left;\" alt=\"typenschild-3\" src=\"https:\/\/metallschilder24.com\/wp-content\/uploads\/2013\/08\/typenschild-3-150x150.jpg\" width=\"120\" height=\"120\" \/><\/a><\/p>\n","protected":false},"excerpt":{"rendered":"<p>Typenschilder bedruckt Hier eine \u00dcbersichtstabelle zu den verschiedenen Druckverfahren und Verwendungsm\u00f6glichkeiten Sollten Sie sich nicht ganz sicher sein welches Typenschild bzw. Material das Richtige ist, dann kontaktieren Sie uns doch einfach telefonisch 08031\/ 8091366 oder schreiben Sie uns eine E &#8211; Mail. Auf Ihre Fragen freuen wir uns! Vorteile Nachteile Sublimationsdruck Schnell und Einfach umsetzbar, [&hellip;]<\/p>\n","protected":false},"author":1,"featured_media":0,"parent":7,"menu_order":2,"comment_status":"open","ping_status":"closed","template":"","meta":{"footnotes":"","_links_to":"","_links_to_target":""},"class_list":["post-9","page","type-page","status-publish","hentry"],"_links":{"self":[{"href":"https:\/\/metallschilder24.com\/index.php?rest_route=\/wp\/v2\/pages\/9","targetHints":{"allow":["GET"]}}],"collection":[{"href":"https:\/\/metallschilder24.com\/index.php?rest_route=\/wp\/v2\/pages"}],"about":[{"href":"https:\/\/metallschilder24.com\/index.php?rest_route=\/wp\/v2\/types\/page"}],"author":[{"embeddable":true,"href":"https:\/\/metallschilder24.com\/index.php?rest_route=\/wp\/v2\/users\/1"}],"replies":[{"embeddable":true,"href":"https:\/\/metallschilder24.com\/index.php?rest_route=%2Fwp%2Fv2%2Fcomments&post=9"}],"version-history":[{"count":0,"href":"https:\/\/metallschilder24.com\/index.php?rest_route=\/wp\/v2\/pages\/9\/revisions"}],"up":[{"embeddable":true,"href":"https:\/\/metallschilder24.com\/index.php?rest_route=\/wp\/v2\/pages\/7"}],"wp:attachment":[{"href":"https:\/\/metallschilder24.com\/index.php?rest_route=%2Fwp%2Fv2%2Fmedia&parent=9"}],"curies":[{"name":"wp","href":"https:\/\/api.w.org\/{rel}","templated":true}]}}